[INFO] cloning repository https://github.com/PistonDevelopers/dyon_asteroids
[INFO] running `Command { std: "git" "-c" "credential.helper=" "-c" "credential.helper=/workspace/cargo-home/bin/git-credential-null" "clone" "--bare" "https://github.com/PistonDevelopers/dyon_asteroids" "/workspace/cache/git-repos/https%3A%2F%2Fgithub.com%2FPistonDevelopers%2Fdyon_asteroids", kill_on_drop: false }`
[INFO] [stderr] Cloning into bare repository '/workspace/cache/git-repos/https%3A%2F%2Fgithub.com%2FPistonDevelopers%2Fdyon_asteroids'...
[INFO] running `Command { std: "git" "rev-parse" "HEAD", kill_on_drop: false }`
[INFO] [stdout] 51f944cac511e26b4d772c57e1ea245ffab280a1
[INFO] checking PistonDevelopers/dyon_asteroids against master#af3c6e733a40e671550e0f0f5aeecaa13772ba56 for pr-74989
[INFO] running `Command { std: "git" "clone" "/workspace/cache/git-repos/https%3A%2F%2Fgithub.com%2FPistonDevelopers%2Fdyon_asteroids" "/workspace/builds/worker-4/source", kill_on_drop: false }`
[INFO] [stderr] Cloning into '/workspace/builds/worker-4/source'...
[INFO] [stderr] done.
[INFO] validating manifest of git repo https://github.com/PistonDevelopers/dyon_asteroids on toolchain af3c6e733a40e671550e0f0f5aeecaa13772ba56
[INFO] running `Command { std: "/workspace/cargo-home/bin/cargo" "+af3c6e733a40e671550e0f0f5aeecaa13772ba56" "read-manifest" "--manifest-path" "Cargo.toml", kill_on_drop: false }`
[INFO] started tweaking git repo https://github.com/PistonDevelopers/dyon_asteroids
[INFO] finished tweaking git repo https://github.com/PistonDevelopers/dyon_asteroids
[INFO] tweaked toml for git repo https://github.com/PistonDevelopers/dyon_asteroids written to /workspace/builds/worker-4/source/Cargo.toml
[INFO] crate git repo https://github.com/PistonDevelopers/dyon_asteroids already has a lockfile, it will not be regenerated
[INFO] running `Command { std: "/workspace/cargo-home/bin/cargo" "+af3c6e733a40e671550e0f0f5aeecaa13772ba56" "fetch" "--locked" "--manifest-path" "Cargo.toml", kill_on_drop: false }`
[INFO] [stderr]     Blocking waiting for file lock on package cache
[INFO] [stderr] error: the lock file /workspace/builds/worker-4/source/Cargo.lock needs to be updated but --locked was passed to prevent this
[INFO] [stderr] If you want to try to generate the lock file without accessing the network, use the --offline flag.
[INFO] the lockfile is outdated, regenerating it
[INFO] running `Command { std: "/workspace/cargo-home/bin/cargo" "+af3c6e733a40e671550e0f0f5aeecaa13772ba56" "generate-lockfile" "--manifest-path" "Cargo.toml" "-Zno-index-update", kill_on_drop: false }`
[INFO] [stderr]     Blocking waiting for file lock on package cache
[INFO] [stderr]     Updating git repository `https://github.com/PistonDevelopers/dyon/`
[INFO] running `Command { std: "/workspace/cargo-home/bin/cargo" "+af3c6e733a40e671550e0f0f5aeecaa13772ba56" "fetch" "--locked" "--manifest-path" "Cargo.toml", kill_on_drop: false }`
[INFO] [stderr]     Blocking waiting for file lock on package cache
[INFO] running `Command { std: "docker" "create" "-v" "/var/lib/crater-agent-workspace/builds/worker-4/target:/opt/rustwide/target:rw,Z" "-v" "/var/lib/crater-agent-workspace/builds/worker-4/source:/opt/rustwide/workdir:ro,Z" "-v" "/var/lib/crater-agent-workspace/cargo-home:/opt/rustwide/cargo-home:ro,Z" "-v" "/var/lib/crater-agent-workspace/rustup-home:/opt/rustwide/rustup-home:ro,Z" "-e" "SOURCE_DIR=/opt/rustwide/workdir" "-e" "CARGO_TARGET_DIR=/opt/rustwide/target" "-e" "CARGO_HOME=/opt/rustwide/cargo-home" "-e" "RUSTUP_HOME=/opt/rustwide/rustup-home" "-w" "/opt/rustwide/workdir" "-m" "1610612736" "--user" "0:0" "--network" "none" "rustops/crates-build-env@sha256:d92eaeed33fa75130ca1ee6c8a01d1ffb62bac859dfdfb3450e3e5d1c0146529" "/opt/rustwide/cargo-home/bin/cargo" "+af3c6e733a40e671550e0f0f5aeecaa13772ba56" "metadata" "--no-deps" "--format-version=1", kill_on_drop: false }`
[INFO] [stderr] WARNING: Your kernel does not support swap limit capabilities or the cgroup is not mounted. Memory limited without swap.
[INFO] [stdout] 6c6a20cec908a95e3918392eecaa74e1bd381e24572f6efe02d6ebffd0555792
[INFO] running `Command { std: "docker" "start" "-a" "6c6a20cec908a95e3918392eecaa74e1bd381e24572f6efe02d6ebffd0555792", kill_on_drop: false }`
[INFO] running `Command { std: "docker" "inspect" "6c6a20cec908a95e3918392eecaa74e1bd381e24572f6efe02d6ebffd0555792", kill_on_drop: false }`
[INFO] running `Command { std: "docker" "rm" "-f" "6c6a20cec908a95e3918392eecaa74e1bd381e24572f6efe02d6ebffd0555792", kill_on_drop: false }`
[INFO] [stdout] 6c6a20cec908a95e3918392eecaa74e1bd381e24572f6efe02d6ebffd0555792
[INFO] running `Command { std: "docker" "create" "-v" "/var/lib/crater-agent-workspace/builds/worker-4/target:/opt/rustwide/target:rw,Z" "-v" "/var/lib/crater-agent-workspace/builds/worker-4/source:/opt/rustwide/workdir:ro,Z" "-v" "/var/lib/crater-agent-workspace/cargo-home:/opt/rustwide/cargo-home:ro,Z" "-v" "/var/lib/crater-agent-workspace/rustup-home:/opt/rustwide/rustup-home:ro,Z" "-e" "SOURCE_DIR=/opt/rustwide/workdir" "-e" "CARGO_TARGET_DIR=/opt/rustwide/target" "-e" "CARGO_INCREMENTAL=0" "-e" "RUST_BACKTRACE=full" "-e" "RUSTFLAGS=--cap-lints=forbid" "-e" "CARGO_HOME=/opt/rustwide/cargo-home" "-e" "RUSTUP_HOME=/opt/rustwide/rustup-home" "-w" "/opt/rustwide/workdir" "-m" "1610612736" "--user" "0:0" "--network" "none" "rustops/crates-build-env@sha256:d92eaeed33fa75130ca1ee6c8a01d1ffb62bac859dfdfb3450e3e5d1c0146529" "/opt/rustwide/cargo-home/bin/cargo" "+af3c6e733a40e671550e0f0f5aeecaa13772ba56" "check" "--frozen" "--all" "--all-targets" "--message-format=json", kill_on_drop: false }`
[INFO] [stdout] 29b1e0a33a51ea5a17ff4c5efa366e157fc762adbe9eac2d856a2cd3f0112c7f
[INFO] [stderr] WARNING: Your kernel does not support swap limit capabilities or the cgroup is not mounted. Memory limited without swap.
[INFO] running `Command { std: "docker" "start" "-a" "29b1e0a33a51ea5a17ff4c5efa366e157fc762adbe9eac2d856a2cd3f0112c7f", kill_on_drop: false }`
[INFO] [stderr]     Blocking waiting for file lock on package cache
[INFO] [stderr]    Compiling libc v0.2.77
[INFO] [stderr]     Checking lazy_static v1.4.0
[INFO] [stderr]    Compiling log v0.4.11
[INFO] [stderr]    Compiling proc-macro2 v1.0.21
[INFO] [stderr]     Checking either v1.6.0
[INFO] [stderr]    Compiling bitflags v1.2.1
[INFO] [stderr]     Checking futures v0.1.29
[INFO] [stderr]    Compiling unicode-xid v0.2.1
[INFO] [stderr]    Compiling semver-parser v0.7.0
[INFO] [stderr]    Compiling serde_derive v1.0.116
[INFO] [stderr]    Compiling serde v1.0.116
[INFO] [stderr]     Checking fnv v1.0.7
[INFO] [stderr]    Compiling bitflags v0.7.0
[INFO] [stderr]     Checking piston-float v0.2.0
[INFO] [stderr]     Checking itoa v0.4.6
[INFO] [stderr]     Checking lazy_static v0.1.16
[INFO] [stderr]    Compiling ryu v1.0.5
[INFO] [stderr]     Checking crossbeam v0.2.12
[INFO] [stderr]     Checking lzw v0.10.0
[INFO] [stderr]     Checking hashbrown v0.9.0
[INFO] [stderr]     Checking rustc-demangle v0.1.16
[INFO] [stderr]     Checking shader_version v0.2.2
[INFO] [stderr]    Compiling sdl2-sys v0.19.0
[INFO] [stderr]    Compiling encoding_rs v0.8.24
[INFO] [stderr]     Checking range v1.0.0
[INFO] [stderr]     Checking debug-builders v0.1.0
[INFO] [stderr]     Checking read_color v0.1.0
[INFO] [stderr]     Checking interpolation v0.1.0
[INFO] [stderr]     Checking smallvec v0.1.8
[INFO] [stderr]     Checking piston-texture v0.4.0
[INFO] [stderr]     Checking advancedresearch-tree_mem_sort v0.2.0
[INFO] [stderr]     Checking piston-shaders_graphics2d v0.1.0
[INFO] [stderr]     Checking current v0.1.2
[INFO] [stderr]     Checking wavefront_obj v3.0.0
[INFO] [stderr]    Compiling num-traits v0.2.12
[INFO] [stderr]    Compiling num-integer v0.1.43
[INFO] [stderr]    Compiling num-iter v0.1.41
[INFO] [stderr]    Compiling miniz_oxide v0.4.2
[INFO] [stderr]    Compiling indexmap v1.6.0
[INFO] [stderr]     Checking try_from v0.3.2
[INFO] [stderr]    Compiling num-rational v0.3.0
[INFO] [stderr]    Compiling miniz-sys v0.1.12
[INFO] [stderr]    Compiling backtrace-sys v0.1.37
[INFO] [stderr]    Compiling error-chain v0.12.4
[INFO] [stderr]    Compiling dbghelp-sys v0.2.0
[INFO] [stderr]     Checking rand_core v0.3.1
[INFO] [stderr]    Compiling libz-sys v1.1.2
[INFO] [stderr]     Checking rand_jitter v0.1.4
[INFO] [stderr]    Compiling freetype-sys v0.3.1
[INFO] [stderr]    Compiling xml-rs v0.3.6
[INFO] [stderr]     Checking piston-viewport v0.2.0
[INFO] [stderr]     Checking vecmath v0.2.0
[INFO] [stderr]     Checking gif v0.10.3
[INFO] [stderr]     Checking gif v0.9.2
[INFO] [stderr]    Compiling semver v0.9.0
[INFO] [stderr]     Checking read_token v1.0.0
[INFO] [stderr]     Checking rand_hc v0.1.0
[INFO] [stderr]     Checking rand_isaac v0.1.1
[INFO] [stderr]     Checking rand_xorshift v0.1.1
[INFO] [stderr]     Checking idna v0.1.5
[INFO] [stderr]     Checking idna v0.2.0
[INFO] [stderr]     Checking crc32fast v1.2.0
[INFO] [stderr]     Checking rand_chacha v0.1.1
[INFO] [stderr]     Checking rand_pcg v0.1.2
[INFO] [stderr]     Checking crossbeam-utils v0.7.2
[INFO] [stderr]     Checking smallvec v0.6.13
[INFO] [stderr]     Checking stb_truetype v0.3.1
[INFO] [stderr]     Checking base64 v0.10.1
[INFO] [stderr]     Checking tiff v0.5.0
[INFO] [stderr]     Checking pistoncore-input v0.12.0
[INFO] [stderr]     Checking piston_meta v1.0.0
[INFO] [stderr]     Checking piston2d-graphics v0.16.0
[INFO] [stderr]    Compiling xml-rs v0.7.0
[INFO] [stderr]    Compiling rustc_version v0.2.3
[INFO] [stderr]     Checking png v0.16.7
[INFO] [stderr]    Compiling log v0.3.9
[INFO] [stderr]     Checking crossbeam-epoch v0.8.2
[INFO] [stderr]     Checking crossbeam-channel v0.4.4
[INFO] [stderr]     Checking crossbeam-queue v0.2.3
[INFO] [stderr]     Checking url v1.7.2
[INFO] [stderr]    Compiling wayland-scanner v0.5.11
[INFO] [stderr]     Checking url v2.1.1
[INFO] [stderr]     Checking tokio-executor v0.1.10
[INFO] [stderr]     Checking tokio-sync v0.1.8
[INFO] [stderr]     Checking want v0.2.0
[INFO] [stderr]    Compiling quote v1.0.7
[INFO] [stderr]     Checking iovec v0.1.4
[INFO] [stderr]     Checking num_cpus v1.13.0
[INFO] [stderr]     Checking rand v0.4.6
[INFO] [stderr]     Checking time v0.1.44
[INFO] [stderr]     Checking net2 v0.2.35
[INFO] [stderr]     Checking fs2 v0.2.5
[INFO] [stderr]     Checking rand_os v0.1.3
[INFO] [stderr]     Checking shared_library v0.1.9
[INFO] [stderr]     Checking x11-dl v2.18.5
[INFO] [stderr]     Checking backtrace v0.3.50
[INFO] [stderr]     Checking flate2 v1.0.17
[INFO] [stderr]    Compiling gl_generator v0.5.5
[INFO] [stderr]     Checking pistoncore-window v0.19.0
[INFO] [stderr]     Checking crossbeam-deque v0.7.3
[INFO] [stderr]    Compiling parking_lot_core v0.6.2
[INFO] [stderr]    Compiling parking_lot v0.9.0
[INFO] [stderr]    Compiling hyper v0.12.35
[INFO] [stderr]     Checking tokio-current-thread v0.1.7
[INFO] [stderr]     Checking tokio-timer v0.2.13
[INFO] [stderr]     Checking bytes v0.4.12
[INFO] [stderr]     Checking futures-cpupool v0.1.8
[INFO] [stderr]    Compiling syn v1.0.40
[INFO] [stderr]     Checking num-complex v0.1.43
[INFO] [stderr]     Checking approx v0.3.2
[INFO] [stderr]     Checking num-traits v0.1.43
[INFO] [stderr]     Checking ordered-float v1.1.0
[INFO] [stderr]    Compiling gl_generator v0.6.1
[INFO] [stderr]     Checking memmap v0.2.3
[INFO] [stderr]     Checking rand v0.6.5
[INFO] [stderr]     Checking osmesa-sys v0.1.2
[INFO] [stderr]     Checking flate2 v0.2.20
[INFO] [stderr]     Checking backtrace v0.1.8
[INFO] [stderr]    Compiling wayland-client v0.5.12
[INFO] [stderr]     Checking mio v0.6.22
[INFO] [stderr]     Checking cookie v0.12.0
[INFO] [stderr]     Checking pistoncore-event_loop v0.22.1
[INFO] [stderr]     Checking publicsuffix v1.5.4
[INFO] [stderr]     Checking rayon-core v1.8.0
[INFO] [stderr]     Checking tokio-threadpool v0.1.18
[INFO] [stderr]     Checking rand v0.3.23
[INFO] [stderr]     Checking enum_primitive v0.1.1
[INFO] [stderr]     Checking rusttype v0.8.3
[INFO] [stderr]     Checking tokio-io v0.1.13
[INFO] [stderr]     Checking http v0.1.21
[INFO] [stderr]     Checking string v0.2.1
[INFO] [stderr]     Checking tokio-buf v0.1.1
[INFO] [stderr]    Compiling serde_json v0.9.10
[INFO] [stderr]     Checking freetype-rs v0.8.0
[INFO] [stderr]     Checking num-bigint v0.1.44
[INFO] [stderr]     Checking piston v0.22.1
[INFO] [stderr]     Checking tempfile v2.2.0
[INFO] [stderr]     Checking png v0.5.2
[INFO] [stderr]     Checking piston2d-graphics v0.36.0
[INFO] [stderr]     Checking rayon v1.4.0
[INFO] [stderr]     Checking uuid v0.7.4
[INFO] [stderr]    Compiling glutin v0.5.2
[INFO] [stderr]    Compiling glium v0.14.0
[INFO] [stderr]    Compiling gl v0.6.5
[INFO] [stderr]     Checking num-rational v0.1.42
[INFO] [stderr]     Checking tokio-reactor v0.1.12
[INFO] [stderr]    Compiling phf_generator v0.7.24
[INFO] [stderr]    Compiling phf_codegen v0.7.24
[INFO] [stderr]     Checking num v0.1.42
[INFO] [stderr]    Compiling target_build_utils v0.3.1
[INFO] [stderr]     Checking tokio-tcp v0.1.4
[INFO] [stderr]     Checking sdl2 v0.19.0
[INFO] [stderr]     Checking tokio v0.1.22
[INFO] [stderr]     Checking http-body v0.1.0
[INFO] [stderr]     Checking h2 v0.1.26
[INFO] [stderr]    Compiling synstructure v0.12.4
[INFO] [stderr]     Checking sdl2_mixer v0.18.0
[INFO] [stderr]     Checking jpeg-decoder v0.1.20
[INFO] [stderr]    Compiling failure_derive v0.1.8
[INFO] [stderr]     Checking image v0.23.9
[INFO] [stderr]     Checking image v0.10.4
[INFO] [stderr]     Checking failure v0.1.8
[INFO] [stderr]     Checking pistoncore-sdl2_window v0.30.2
[INFO] [stderr]    Compiling libloading v0.3.4
[INFO] [stderr]     Checking dlib v0.3.1
[INFO] [stderr]     Checking wayland-sys v0.5.11
[INFO] [stderr]     Checking wayland-kbd v0.3.6
[INFO] [stderr]     Checking wayland-window v0.2.3
[INFO] [stderr]     Checking pistoncore-glutin_window v0.26.1
[INFO] [stderr]     Checking serde_json v1.0.57
[INFO] [stderr]     Checking pistoncore-input v1.0.0
[INFO] [stderr]     Checking serde_urlencoded v0.5.5
[INFO] [stderr]     Checking pistoncore-window v0.47.0
[INFO] [stderr]     Checking cookie_store v0.7.0
[INFO] [stderr]     Checking pistoncore-event_loop v0.52.0
[INFO] [stderr]     Checking piston v0.52.0
[INFO] [stderr]     Checking reqwest v0.9.24
[INFO] [stderr]     Checking dyon v0.45.6 (https://github.com/PistonDevelopers/dyon/#5cd96ef8)
[INFO] [stderr]     Checking piston2d-glium_graphics v0.25.0
[INFO] [stderr]     Checking piston-dyon_interactive v0.38.0 (https://github.com/PistonDevelopers/dyon/#5cd96ef8)
[INFO] [stderr]     Checking dyon_asteroids v0.1.0 (/opt/rustwide/workdir)
[INFO] [stdout] error[E0432]: unresolved import `dyon::PreludeFunction`
[INFO] [stdout]    --> src/main.rs:120:28
[INFO] [stdout]     |
[INFO] [stdout] 120 |     use dyon::{Lt, Module, PreludeFunction, Type};
[INFO] [stdout]     |                            ^^^^^^^^^^^^^^^ no `PreludeFunction` in the root
[INFO] [stdout] 
[INFO] [stdout] 
[INFO] [stdout] error[E0432]: unresolved import `dyon::PreludeFunction`
[INFO] [stdout]    --> src/main.rs:120:28
[INFO] [stdout]     |
[INFO] [stdout] 120 |     use dyon::{Lt, Module, PreludeFunction, Type};
[INFO] [stdout]     |                            ^^^^^^^^^^^^^^^ no `PreludeFunction` in the root
[INFO] [stdout] 
[INFO] [stdout] 
[INFO] [stdout] error[E0422]: cannot find struct, variant or union type `PreludeFunction` in this scope
[INFO] [stdout]   --> src/engine/obj.rs:13:25
[INFO] [stdout]    |
[INFO] [stdout] 13 |         load__material, PreludeFunction {
[INFO] [stdout]    |                         ^^^^^^^^^^^^^^^ not found in this scope
[INFO] [stdout] 
[INFO] [stdout] 
[INFO] [stdout] error[E0422]: cannot find struct, variant or union type `PreludeFunction` in this scope
[INFO] [stdout]   --> src/engine/obj.rs:19:19
[INFO] [stdout]    |
[INFO] [stdout] 19 |         material, PreludeFunction {
[INFO] [stdout]    |                   ^^^^^^^^^^^^^^^ not found in this scope
[INFO] [stdout] 
[INFO] [stdout] 
[INFO] [stdout] error[E0422]: cannot find struct, variant or union type `PreludeFunction` in this scope
[INFO] [stdout]   --> src/engine/obj.rs:25:20
[INFO] [stdout]    |
[INFO] [stdout] 25 |         materials, PreludeFunction {
[INFO] [stdout]    |                    ^^^^^^^^^^^^^^^ not found in this scope
[INFO] [stdout] 
[INFO] [stdout] 
[INFO] [stdout] error[E0422]: cannot find struct, variant or union type `PreludeFunction` in this scope
[INFO] [stdout]   --> src/engine/obj.rs:31:20
[INFO] [stdout]    |
[INFO] [stdout] 31 |         load__obj, PreludeFunction {
[INFO] [stdout]    |                    ^^^^^^^^^^^^^^^ not found in this scope
[INFO] [stdout] 
[INFO] [stdout] 
[INFO] [stdout] error[E0422]: cannot find struct, variant or union type `PreludeFunction` in this scope
[INFO] [stdout]   --> src/engine/obj.rs:37:14
[INFO] [stdout]    |
[INFO] [stdout] 37 |         obj, PreludeFunction {
[INFO] [stdout]    |              ^^^^^^^^^^^^^^^ not found in this scope
[INFO] [stdout] 
[INFO] [stdout] 
[INFO] [stdout] error[E0422]: cannot find struct, variant or union type `PreludeFunction` in this scope
[INFO] [stdout]   --> src/engine/obj.rs:43:15
[INFO] [stdout]    |
[INFO] [stdout] 43 |         objs, PreludeFunction {
[INFO] [stdout]    |               ^^^^^^^^^^^^^^^ not found in this scope
[INFO] [stdout] 
[INFO] [stdout] 
[INFO] [stdout] error[E0422]: cannot find struct, variant or union type `PreludeFunction` in this scope
[INFO] [stdout]   --> src/engine/obj.rs:49:32
[INFO] [stdout]    |
[INFO] [stdout] 49 |         material_library__obj, PreludeFunction {
[INFO] [stdout]    |                                ^^^^^^^^^^^^^^^ not found in this scope
[INFO] [stdout] 
[INFO] [stdout] 
[INFO] [stdout] error[E0422]: cannot find struct, variant or union type `PreludeFunction` in this scope
[INFO] [stdout]   --> src/engine/obj.rs:55:28
[INFO] [stdout]    |
[INFO] [stdout] 55 |         object_count__obj, PreludeFunction {
[INFO] [stdout]    |                            ^^^^^^^^^^^^^^^ not found in this scope
[INFO] [stdout] 
[INFO] [stdout] 
[INFO] [stdout] error[E0422]: cannot find struct, variant or union type `PreludeFunction` in this scope
[INFO] [stdout]   --> src/engine/obj.rs:61:23
[INFO] [stdout]    |
[INFO] [stdout] 61 |         objects__obj, PreludeFunction {
[INFO] [stdout]    |                       ^^^^^^^^^^^^^^^ not found in this scope
[INFO] [stdout] 
[INFO] [stdout] 
[INFO] [stdout] error[E0422]: cannot find struct, variant or union type `PreludeFunction` in this scope
[INFO] [stdout]   --> src/engine/obj.rs:67:35
[INFO] [stdout]    |
[INFO] [stdout] 67 |         vertex_count__obj_object, PreludeFunction {
[INFO] [stdout]    |                                   ^^^^^^^^^^^^^^^ not found in this scope
[INFO] [stdout] 
[INFO] [stdout] 
[INFO] [stdout] error[E0422]: cannot find struct, variant or union type `PreludeFunction` in this scope
[INFO] [stdout]   --> src/engine/obj.rs:73:39
[INFO] [stdout]    |
[INFO] [stdout] 73 |         tex_vertex_count__obj_object, PreludeFunction {
[INFO] [stdout]    |                                       ^^^^^^^^^^^^^^^ not found in this scope
[INFO] [stdout] 
[INFO] [stdout] 
[INFO] [stdout] error[E0422]: cannot find struct, variant or union type `PreludeFunction` in this scope
[INFO] [stdout]   --> src/engine/obj.rs:79:35
[INFO] [stdout]    |
[INFO] [stdout] 79 |         normal_count__obj_object, PreludeFunction {
[INFO] [stdout]    |                                   ^^^^^^^^^^^^^^^ not found in this scope
[INFO] [stdout] 
[INFO] [stdout] 
[INFO] [stdout] error[E0422]: cannot find struct, variant or union type `PreludeFunction` in this scope
[INFO] [stdout]   --> src/engine/obj.rs:85:37
[INFO] [stdout]    |
[INFO] [stdout] 85 |         geometry_count__obj_object, PreludeFunction {
[INFO] [stdout]    |                                     ^^^^^^^^^^^^^^^ not found in this scope
[INFO] [stdout] 
[INFO] [stdout] 
[INFO] [stdout] error[E0422]: cannot find struct, variant or union type `PreludeFunction` in this scope
[INFO] [stdout]   --> src/engine/obj.rs:91:36
[INFO] [stdout]    |
[INFO] [stdout] 91 |         vertex__obj_object_vertex, PreludeFunction {
[INFO] [stdout]    |                                    ^^^^^^^^^^^^^^^ not found in this scope
[INFO] [stdout] 
[INFO] [stdout] 
[INFO] [stdout] error[E0422]: cannot find struct, variant or union type `PreludeFunction` in this scope
[INFO] [stdout]   --> src/engine/obj.rs:97:44
[INFO] [stdout]    |
[INFO] [stdout] 97 |         tex_vertex__obj_object_tex_vertex, PreludeFunction {
[INFO] [stdout]    |                                            ^^^^^^^^^^^^^^^ not found in this scope
[INFO] [stdout] 
[INFO] [stdout] 
[INFO] [stdout] error[E0422]: cannot find struct, variant or union type `PreludeFunction` in this scope
[INFO] [stdout]    --> src/engine/obj.rs:103:36
[INFO] [stdout]     |
[INFO] [stdout] 103 |         normal__obj_object_normal, PreludeFunction {
[INFO] [stdout]     |                                    ^^^^^^^^^^^^^^^ not found in this scope
[INFO] [stdout] 
[INFO] [stdout] 
[INFO] [stdout] error[E0422]: cannot find struct, variant or union type `PreludeFunction` in this scope
[INFO] [stdout]    --> src/engine/obj.rs:109:31
[INFO] [stdout]     |
[INFO] [stdout] 109 |         vertices__obj_object, PreludeFunction {
[INFO] [stdout]     |                               ^^^^^^^^^^^^^^^ not found in this scope
[INFO] [stdout] 
[INFO] [stdout] 
[INFO] [stdout] error[E0422]: cannot find struct, variant or union type `PreludeFunction` in this scope
[INFO] [stdout]    --> src/engine/obj.rs:115:35
[INFO] [stdout]     |
[INFO] [stdout] 115 |         tex_vertices__obj_object, PreludeFunction {
[INFO] [stdout]     |                                   ^^^^^^^^^^^^^^^ not found in this scope
[INFO] [stdout] 
[INFO] [stdout] 
[INFO] [stdout] error[E0422]: cannot find struct, variant or union type `PreludeFunction` in this scope
[INFO] [stdout]    --> src/engine/obj.rs:121:30
[INFO] [stdout]     |
[INFO] [stdout] 121 |         normals__obj_object, PreludeFunction {
[INFO] [stdout]     |                              ^^^^^^^^^^^^^^^ not found in this scope
[INFO] [stdout] 
[INFO] [stdout] 
[INFO] [stdout] error[E0422]: cannot find struct, variant or union type `PreludeFunction` in this scope
[INFO] [stdout]    --> src/engine/obj.rs:127:31
[INFO] [stdout]     |
[INFO] [stdout] 127 |         geometry__obj_object, PreludeFunction {
[INFO] [stdout]     |                               ^^^^^^^^^^^^^^^ not found in this scope
[INFO] [stdout] 
[INFO] [stdout] 
[INFO] [stdout] error[E0422]: cannot find struct, variant or union type `PreludeFunction` in this scope
[INFO] [stdout]   --> src/engine/shader.rs:22:45
[INFO] [stdout]    |
[INFO] [stdout] 22 |         load_program__name_vshader_fshader, PreludeFunction {
[INFO] [stdout]    |                                             ^^^^^^^^^^^^^^^ not found in this scope
[INFO] [stdout] 
[INFO] [stdout] 
[INFO] [stdout] error[E0422]: cannot find struct, variant or union type `PreludeFunction` in this scope
[INFO] [stdout]   --> src/engine/shader.rs:28:18
[INFO] [stdout]    |
[INFO] [stdout] 28 |         program, PreludeFunction {
[INFO] [stdout]    |                  ^^^^^^^^^^^^^^^ not found in this scope
[INFO] [stdout] 
[INFO] [stdout] 
[INFO] [stdout] error[E0422]: cannot find struct, variant or union type `PreludeFunction` in this scope
[INFO] [stdout]   --> src/engine/shader.rs:34:31
[INFO] [stdout]    |
[INFO] [stdout] 34 |         count_vertex_buffers, PreludeFunction {
[INFO] [stdout]    |                               ^^^^^^^^^^^^^^^ not found in this scope
[INFO] [stdout] 
[INFO] [stdout] 
[INFO] [stdout] error[E0422]: cannot find struct, variant or union type `PreludeFunction` in this scope
[INFO] [stdout]   --> src/engine/shader.rs:40:30
[INFO] [stdout]    |
[INFO] [stdout] 40 |         count_index_buffers, PreludeFunction {
[INFO] [stdout]    |                              ^^^^^^^^^^^^^^^ not found in this scope
[INFO] [stdout] 
[INFO] [stdout] 
[INFO] [stdout] error[E0422]: cannot find struct, variant or union type `PreludeFunction` in this scope
[INFO] [stdout]   --> src/engine/shader.rs:46:37
[INFO] [stdout]    |
[INFO] [stdout] 46 |         create_vertex_buffer__size, PreludeFunction {
[INFO] [stdout]    |                                     ^^^^^^^^^^^^^^^ not found in this scope
[INFO] [stdout] 
[INFO] [stdout] 
[INFO] [stdout] error[E0422]: cannot find struct, variant or union type `PreludeFunction` in this scope
[INFO] [stdout]   --> src/engine/shader.rs:52:36
[INFO] [stdout]    |
[INFO] [stdout] 52 |         create_index_buffer__size, PreludeFunction {
[INFO] [stdout]    |                                    ^^^^^^^^^^^^^^^ not found in this scope
[INFO] [stdout] 
[INFO] [stdout] 
[INFO] [stdout] error[E0422]: cannot find struct, variant or union type `PreludeFunction` in this scope
[INFO] [stdout]   --> src/engine/shader.rs:58:46
[INFO] [stdout]    |
[INFO] [stdout] 58 |         fill_vertex_buffer__buffer_pos_norm, PreludeFunction {
[INFO] [stdout]    |                                              ^^^^^^^^^^^^^^^ not found in this scope
[INFO] [stdout] 
[INFO] [stdout] 
[INFO] [stdout] error[E0422]: cannot find struct, variant or union type `PreludeFunction` in this scope
[INFO] [stdout]   --> src/engine/shader.rs:65:41
[INFO] [stdout]    |
[INFO] [stdout] 65 |         fill_index_buffer__buffer_data, PreludeFunction {
[INFO] [stdout]    |                                         ^^^^^^^^^^^^^^^ not found in this scope
[INFO] [stdout] 
[INFO] [stdout] 
[INFO] [stdout] error[E0422]: cannot find struct, variant or union type `PreludeFunction` in this scope
[INFO] [stdout]   --> src/engine/shader.rs:71:22
[INFO] [stdout]    |
[INFO] [stdout] 71 |         clear_depth, PreludeFunction {
[INFO] [stdout]    |                      ^^^^^^^^^^^^^^^ not found in this scope
[INFO] [stdout] 
[INFO] [stdout] 
[INFO] [stdout] error[E0422]: cannot find struct, variant or union type `PreludeFunction` in this scope
[INFO] [stdout]   --> src/engine/shader.rs:77:63
[INFO] [stdout]    |
[INFO] [stdout] 77 |         draw__program_vbuf_ibuf_pos_angle_scale_color_anglex, PreludeFunction {
[INFO] [stdout]    |                                                               ^^^^^^^^^^^^^^^ not found in this scope
[INFO] [stdout] 
[INFO] [stdout] 
[INFO] [stdout] error[E0422]: cannot find struct, variant or union type `PreludeFunction` in this scope
[INFO] [stdout]   --> src/engine/sound.rs:12:61
[INFO] [stdout]    |
[INFO] [stdout] 12 |     module.add(Arc::new("load__music".into()), load__music, PreludeFunction {
[INFO] [stdout]    |                                                             ^^^^^^^^^^^^^^^ not found in this scope
[INFO] [stdout] 
[INFO] [stdout] 
[INFO] [stdout] error[E0422]: cannot find struct, variant or union type `PreludeFunction` in this scope
[INFO] [stdout]   --> src/engine/sound.rs:17:61
[INFO] [stdout]    |
[INFO] [stdout] 17 |     module.add(Arc::new("load__sound".into()), load__sound, PreludeFunction {
[INFO] [stdout]    |                                                             ^^^^^^^^^^^^^^^ not found in this scope
[INFO] [stdout] 
[INFO] [stdout] 
[INFO] [stdout] error[E0422]: cannot find struct, variant or union type `PreludeFunction` in this scope
[INFO] [stdout]   --> src/engine/sound.rs:22:49
[INFO] [stdout]    |
[INFO] [stdout] 22 |     module.add(Arc::new("music".into()), music, PreludeFunction {
[INFO] [stdout]    |                                                 ^^^^^^^^^^^^^^^ not found in this scope
[INFO] [stdout] 
[INFO] [stdout] 
[INFO] [stdout] error[E0422]: cannot find struct, variant or union type `PreludeFunction` in this scope
[INFO] [stdout]   --> src/engine/sound.rs:27:49
[INFO] [stdout]    |
[INFO] [stdout] 27 |     module.add(Arc::new("sound".into()), sound, PreludeFunction {
[INFO] [stdout]    |                                                 ^^^^^^^^^^^^^^^ not found in this scope
[INFO] [stdout] 
[INFO] [stdout] 
[INFO] [stdout] error[E0422]: cannot find struct, variant or union type `PreludeFunction` in this scope
[INFO] [stdout]   --> src/engine/sound.rs:32:77
[INFO] [stdout]    |
[INFO] [stdout] 32 |     module.add(Arc::new("play_forever__music".into()), play_forever__music, PreludeFunction {
[INFO] [stdout]    |                                                                             ^^^^^^^^^^^^^^^ not found in this scope
[INFO] [stdout] 
[INFO] [stdout] 
[INFO] [stdout] error[E0422]: cannot find struct, variant or union type `PreludeFunction` in this scope
[INFO] [stdout]   --> src/engine/sound.rs:37:71
[INFO] [stdout]    |
[INFO] [stdout] 37 |     module.add(Arc::new("play_once__music".into()), play_once__music, PreludeFunction {
[INFO] [stdout]    |                                                                       ^^^^^^^^^^^^^^^ not found in this scope
[INFO] [stdout] 
[INFO] [stdout] 
[INFO] [stdout] error[E0422]: cannot find struct, variant or union type `PreludeFunction` in this scope
[INFO] [stdout]   --> src/engine/sound.rs:42:71
[INFO] [stdout]    |
[INFO] [stdout] 42 |     module.add(Arc::new("play_once__sound".into()), play_once__sound, PreludeFunction {
[INFO] [stdout]    |                                                                       ^^^^^^^^^^^^^^^ not found in this scope
[INFO] [stdout] 
[INFO] [stdout] 
[INFO] [stdout] error[E0422]: cannot find struct, variant or union type `PreludeFunction` in this scope
[INFO] [stdout]   --> src/engine/sound.rs:47:73
[INFO] [stdout]    |
[INFO] [stdout] 47 |     module.add(Arc::new("set__sound_volume".into()), set__sound_volume, PreludeFunction {
[INFO] [stdout]    |                                                                         ^^^^^^^^^^^^^^^ not found in this scope
[INFO] [stdout] 
[INFO] [stdout] 
[INFO] [stdout] warning: use of deprecated macro `try`: use the `?` operator instead
[INFO] [stdout]    --> src/engine/obj.rs:142:17
[INFO] [stdout]     |
[INFO] [stdout] 142 |     let mut f = try!(File::open(&**file).map_err(|err| String::from(err.description())));
[INFO] [stdout]     |                 ^^^
[INFO] [stdout]     |
[INFO] [stdout]     = note: `#[warn(deprecated)]` on by default
[INFO] [stdout] 
[INFO] [stdout] 
[INFO] [stdout] warning: use of deprecated macro `try`: use the `?` operator instead
[INFO] [stdout]    --> src/engine/obj.rs:144:5
[INFO] [stdout]     |
[INFO] [stdout] 144 |     try!(f.read_to_string(&mut s).map_err(|err| String::from(err.description())));
[INFO] [stdout]     |     ^^^
[INFO] [stdout] 
[INFO] [stdout] 
[INFO] [stdout] warning: use of deprecated macro `try`: use the `?` operator instead
[INFO] [stdout]    --> src/engine/obj.rs:146:18
[INFO] [stdout]     |
[INFO] [stdout] 146 |     let mtlset = try!(parse(s).map_err(|err|
[INFO] [stdout]     |                  ^^^
[INFO] [stdout] 
[INFO] [stdout] 
[INFO] [stdout] warning: use of deprecated macro `try`: use the `?` operator instead
[INFO] [stdout]    --> src/engine/obj.rs:160:17
[INFO] [stdout]     |
[INFO] [stdout] 160 |     let mut f = try!(File::open(&**file).map_err(|err| String::from(err.description())));
[INFO] [stdout]     |                 ^^^
[INFO] [stdout] 
[INFO] [stdout] 
[INFO] [stdout] warning: use of deprecated macro `try`: use the `?` operator instead
[INFO] [stdout]    --> src/engine/obj.rs:162:5
[INFO] [stdout]     |
[INFO] [stdout] 162 |     try!(f.read_to_string(&mut s).map_err(|err| String::from(err.description())));
[INFO] [stdout]     |     ^^^
[INFO] [stdout] 
[INFO] [stdout] 
[INFO] [stdout] warning: use of deprecated macro `try`: use the `?` operator instead
[INFO] [stdout]    --> src/engine/obj.rs:164:19
[INFO] [stdout]     |
[INFO] [stdout] 164 |     let obj_set = try!(parse(s).map_err(|err|
[INFO] [stdout]     |                   ^^^
[INFO] [stdout] 
[INFO] [stdout] 
[INFO] [stdout] warning: use of deprecated macro `try`: use the `?` operator instead
[INFO] [stdout]    --> src/engine/obj.rs:302:45
[INFO] [stdout]     |
[INFO] [stdout] 302 |                     Shape(obj::Shape::Point(try!(rt.var(&arr[0]))))
[INFO] [stdout]     |                                             ^^^
[INFO] [stdout] 
[INFO] [stdout] 
[INFO] [stdout] warning: use of deprecated macro `try`: use the `?` operator instead
[INFO] [stdout]    --> src/engine/obj.rs:305:44
[INFO] [stdout]     |
[INFO] [stdout] 305 |                     Shape(obj::Shape::Line(try!(rt.var(&arr[0])),
[INFO] [stdout]     |                                            ^^^
[INFO] [stdout] 
[INFO] [stdout] 
[INFO] [stdout] warning: use of deprecated macro `try`: use the `?` operator instead
[INFO] [stdout]    --> src/engine/obj.rs:306:44
[INFO] [stdout]     |
[INFO] [stdout] 306 | ...                   try!(rt.var(&arr[1]))))
[INFO] [stdout]     |                       ^^^
[INFO] [stdout] 
[INFO] [stdout] 
[INFO] [stdout] warning: use of deprecated macro `try`: use the `?` operator instead
[INFO] [stdout]    --> src/engine/obj.rs:309:48
[INFO] [stdout]     |
[INFO] [stdout] 309 |                     Shape(obj::Shape::Triangle(try!(rt.var(&arr[0])),
[INFO] [stdout]     |                                                ^^^
[INFO] [stdout] 
[INFO] [stdout] 
[INFO] [stdout] warning: use of deprecated macro `try`: use the `?` operator instead
[INFO] [stdout]    --> src/engine/obj.rs:310:48
[INFO] [stdout]     |
[INFO] [stdout] 310 | ...                   try!(rt.var(&arr[1])),
[INFO] [stdout]     |                       ^^^
[INFO] [stdout] 
[INFO] [stdout] 
[INFO] [stdout] warning: use of deprecated macro `try`: use the `?` operator instead
[INFO] [stdout]    --> src/engine/obj.rs:311:48
[INFO] [stdout]     |
[INFO] [stdout] 311 | ...                   try!(rt.var(&arr[2]))))
[INFO] [stdout]     |                       ^^^
[INFO] [stdout] 
[INFO] [stdout] 
[INFO] [stdout] warning: use of deprecated macro `try`: use the `?` operator instead
[INFO] [stdout]   --> src/engine/shader.rs:96:19
[INFO] [stdout]    |
[INFO] [stdout] 96 |     let program = try!(glium::Program::from_source(
[INFO] [stdout]    |                   ^^^
[INFO] [stdout] 
[INFO] [stdout] 
[INFO] [stdout] warning: use of deprecated macro `try`: use the `?` operator instead
[INFO] [stdout]    --> src/engine/shader.rs:132:25
[INFO] [stdout]     |
[INFO] [stdout] 132 |     vertex_buffers.push(try!(glium::VertexBuffer::empty(&window.context, size).map_err(|err|
[INFO] [stdout]     |                         ^^^
[INFO] [stdout] 
[INFO] [stdout] 
[INFO] [stdout] warning: use of deprecated macro `try`: use the `?` operator instead
[INFO] [stdout]    --> src/engine/shader.rs:144:24
[INFO] [stdout]     |
[INFO] [stdout] 144 |     index_buffers.push(try!(glium::IndexBuffer::empty(
[INFO] [stdout]     |                        ^^^
[INFO] [stdout] 
[INFO] [stdout] 
[INFO] [stdout] warning: use of deprecated macro `try`: use the `?` operator instead
[INFO] [stdout]   --> src/engine/sound.rs:61:9
[INFO] [stdout]    |
[INFO] [stdout] 61 |         try!(mix::Music::from_file(&path))
[INFO] [stdout]    |         ^^^
[INFO] [stdout] 
[INFO] [stdout] 
[INFO] [stdout] warning: use of deprecated macro `try`: use the `?` operator instead
[INFO] [stdout]   --> src/engine/sound.rs:75:9
[INFO] [stdout]    |
[INFO] [stdout] 75 |         try!(mix::Chunk::from_file(&path))
[INFO] [stdout]    |         ^^^
[INFO] [stdout] 
[INFO] [stdout] 
[INFO] [stdout] warning: unused `#[macro_use]` import
[INFO] [stdout]  --> src/main.rs:5:1
[INFO] [stdout]   |
[INFO] [stdout] 5 | #[macro_use]
[INFO] [stdout]   | ^^^^^^^^^^^^
[INFO] [stdout]   |
[INFO] [stdout]   = note: `#[warn(unused_imports)]` on by default
[INFO] [stdout] 
[INFO] [stdout] 
[INFO] [stdout] warning: the item `Module` is imported redundantly
[INFO] [stdout]    --> src/main.rs:120:20
[INFO] [stdout]     |
[INFO] [stdout] 20  | use dyon::{error, load, Module, Runtime};
[INFO] [stdout]     |                         ------ the item `Module` is already imported here
[INFO] [stdout] ...
[INFO] [stdout] 120 |     use dyon::{Lt, Module, PreludeFunction, Type};
[INFO] [stdout]     |                    ^^^^^^
[INFO] [stdout] 
[INFO] [stdout] 
[INFO] [stdout] error[E0422]: cannot find struct, variant or union type `PreludeFunction` in this scope
[INFO] [stdout]   --> src/engine/obj.rs:13:25
[INFO] [stdout]    |
[INFO] [stdout] 13 |         load__material, PreludeFunction {
[INFO] [stdout]    |                         ^^^^^^^^^^^^^^^ not found in this scope
[INFO] [stdout] 
[INFO] [stdout] 
[INFO] [stdout] error[E0422]: cannot find struct, variant or union type `PreludeFunction` in this scope
[INFO] [stdout]   --> src/engine/obj.rs:19:19
[INFO] [stdout]    |
[INFO] [stdout] 19 |         material, PreludeFunction {
[INFO] [stdout]    |                   ^^^^^^^^^^^^^^^ not found in this scope
[INFO] [stdout] 
[INFO] [stdout] 
[INFO] [stdout] error[E0422]: cannot find struct, variant or union type `PreludeFunction` in this scope
[INFO] [stdout]   --> src/engine/obj.rs:25:20
[INFO] [stdout]    |
[INFO] [stdout] 25 |         materials, PreludeFunction {
[INFO] [stdout]    |                    ^^^^^^^^^^^^^^^ not found in this scope
[INFO] [stdout] 
[INFO] [stdout] 
[INFO] [stdout] error[E0422]: cannot find struct, variant or union type `PreludeFunction` in this scope
[INFO] [stdout]   --> src/engine/obj.rs:31:20
[INFO] [stdout]    |
[INFO] [stdout] 31 |         load__obj, PreludeFunction {
[INFO] [stdout]    |                    ^^^^^^^^^^^^^^^ not found in this scope
[INFO] [stdout] 
[INFO] [stdout] 
[INFO] [stdout] error[E0422]: cannot find struct, variant or union type `PreludeFunction` in this scope
[INFO] [stdout]   --> src/engine/obj.rs:37:14
[INFO] [stdout]    |
[INFO] [stdout] 37 |         obj, PreludeFunction {
[INFO] [stdout]    |              ^^^^^^^^^^^^^^^ not found in this scope
[INFO] [stdout] 
[INFO] [stdout] 
[INFO] [stdout] error[E0422]: cannot find struct, variant or union type `PreludeFunction` in this scope
[INFO] [stdout]   --> src/engine/obj.rs:43:15
[INFO] [stdout]    |
[INFO] [stdout] 43 |         objs, PreludeFunction {
[INFO] [stdout]    |               ^^^^^^^^^^^^^^^ not found in this scope
[INFO] [stdout] 
[INFO] [stdout] 
[INFO] [stdout] error[E0422]: cannot find struct, variant or union type `PreludeFunction` in this scope
[INFO] [stdout]   --> src/engine/obj.rs:49:32
[INFO] [stdout]    |
[INFO] [stdout] 49 |         material_library__obj, PreludeFunction {
[INFO] [stdout]    |                                ^^^^^^^^^^^^^^^ not found in this scope
[INFO] [stdout] 
[INFO] [stdout] 
[INFO] [stdout] error[E0422]: cannot find struct, variant or union type `PreludeFunction` in this scope
[INFO] [stdout]   --> src/engine/obj.rs:55:28
[INFO] [stdout]    |
[INFO] [stdout] 55 |         object_count__obj, PreludeFunction {
[INFO] [stdout]    |                            ^^^^^^^^^^^^^^^ not found in this scope
[INFO] [stdout] 
[INFO] [stdout] 
[INFO] [stdout] error[E0422]: cannot find struct, variant or union type `PreludeFunction` in this scope
[INFO] [stdout]   --> src/engine/obj.rs:61:23
[INFO] [stdout]    |
[INFO] [stdout] 61 |         objects__obj, PreludeFunction {
[INFO] [stdout]    |                       ^^^^^^^^^^^^^^^ not found in this scope
[INFO] [stdout] 
[INFO] [stdout] 
[INFO] [stdout] error[E0422]: cannot find struct, variant or union type `PreludeFunction` in this scope
[INFO] [stdout]   --> src/engine/obj.rs:67:35
[INFO] [stdout]    |
[INFO] [stdout] 67 |         vertex_count__obj_object, PreludeFunction {
[INFO] [stdout]    |                                   ^^^^^^^^^^^^^^^ not found in this scope
[INFO] [stdout] 
[INFO] [stdout] 
[INFO] [stdout] error[E0422]: cannot find struct, variant or union type `PreludeFunction` in this scope
[INFO] [stdout]   --> src/engine/obj.rs:73:39
[INFO] [stdout]    |
[INFO] [stdout] 73 |         tex_vertex_count__obj_object, PreludeFunction {
[INFO] [stdout]    |                                       ^^^^^^^^^^^^^^^ not found in this scope
[INFO] [stdout] 
[INFO] [stdout] 
[INFO] [stdout] error[E0422]: cannot find struct, variant or union type `PreludeFunction` in this scope
[INFO] [stdout]   --> src/engine/obj.rs:79:35
[INFO] [stdout]    |
[INFO] [stdout] 79 |         normal_count__obj_object, PreludeFunction {
[INFO] [stdout]    |                                   ^^^^^^^^^^^^^^^ not found in this scope
[INFO] [stdout] 
[INFO] [stdout] 
[INFO] [stdout] error[E0422]: cannot find struct, variant or union type `PreludeFunction` in this scope
[INFO] [stdout]   --> src/engine/obj.rs:85:37
[INFO] [stdout]    |
[INFO] [stdout] 85 |         geometry_count__obj_object, PreludeFunction {
[INFO] [stdout]    |                                     ^^^^^^^^^^^^^^^ not found in this scope
[INFO] [stdout] 
[INFO] [stdout] 
[INFO] [stdout] error[E0422]: cannot find struct, variant or union type `PreludeFunction` in this scope
[INFO] [stdout]   --> src/engine/obj.rs:91:36
[INFO] [stdout]    |
[INFO] [stdout] 91 |         vertex__obj_object_vertex, PreludeFunction {
[INFO] [stdout]    |                                    ^^^^^^^^^^^^^^^ not found in this scope
[INFO] [stdout] 
[INFO] [stdout] 
[INFO] [stdout] error[E0422]: cannot find struct, variant or union type `PreludeFunction` in this scope
[INFO] [stdout]   --> src/engine/obj.rs:97:44
[INFO] [stdout]    |
[INFO] [stdout] 97 |         tex_vertex__obj_object_tex_vertex, PreludeFunction {
[INFO] [stdout]    |                                            ^^^^^^^^^^^^^^^ not found in this scope
[INFO] [stdout] 
[INFO] [stdout] 
[INFO] [stdout] error[E0422]: cannot find struct, variant or union type `PreludeFunction` in this scope
[INFO] [stdout]    --> src/engine/obj.rs:103:36
[INFO] [stdout]     |
[INFO] [stdout] 103 |         normal__obj_object_normal, PreludeFunction {
[INFO] [stdout]     |                                    ^^^^^^^^^^^^^^^ not found in this scope
[INFO] [stdout] 
[INFO] [stdout] 
[INFO] [stdout] error[E0422]: cannot find struct, variant or union type `PreludeFunction` in this scope
[INFO] [stdout]    --> src/engine/obj.rs:109:31
[INFO] [stdout]     |
[INFO] [stdout] 109 |         vertices__obj_object, PreludeFunction {
[INFO] [stdout]     |                               ^^^^^^^^^^^^^^^ not found in this scope
[INFO] [stdout] 
[INFO] [stdout] 
[INFO] [stdout] error[E0422]: cannot find struct, variant or union type `PreludeFunction` in this scope
[INFO] [stdout]    --> src/engine/obj.rs:115:35
[INFO] [stdout]     |
[INFO] [stdout] 115 |         tex_vertices__obj_object, PreludeFunction {
[INFO] [stdout]     |                                   ^^^^^^^^^^^^^^^ not found in this scope
[INFO] [stdout] 
[INFO] [stdout] 
[INFO] [stdout] error[E0422]: cannot find struct, variant or union type `PreludeFunction` in this scope
[INFO] [stdout]    --> src/engine/obj.rs:121:30
[INFO] [stdout]     |
[INFO] [stdout] 121 |         normals__obj_object, PreludeFunction {
[INFO] [stdout]     |                              ^^^^^^^^^^^^^^^ not found in this scope
[INFO] [stdout] 
[INFO] [stdout] 
[INFO] [stdout] error[E0422]: cannot find struct, variant or union type `PreludeFunction` in this scope
[INFO] [stdout]    --> src/engine/obj.rs:127:31
[INFO] [stdout]     |
[INFO] [stdout] 127 |         geometry__obj_object, PreludeFunction {
[INFO] [stdout]     |                               ^^^^^^^^^^^^^^^ not found in this scope
[INFO] [stdout] 
[INFO] [stdout] 
[INFO] [stdout] error[E0422]: cannot find struct, variant or union type `PreludeFunction` in this scope
[INFO] [stdout]   --> src/engine/shader.rs:22:45
[INFO] [stdout]    |
[INFO] [stdout] 22 |         load_program__name_vshader_fshader, PreludeFunction {
[INFO] [stdout]    |                                             ^^^^^^^^^^^^^^^ not found in this scope
[INFO] [stdout] 
[INFO] [stdout] 
[INFO] [stdout] error[E0422]: cannot find struct, variant or union type `PreludeFunction` in this scope
[INFO] [stdout]   --> src/engine/shader.rs:28:18
[INFO] [stdout]    |
[INFO] [stdout] 28 |         program, PreludeFunction {
[INFO] [stdout]    |                  ^^^^^^^^^^^^^^^ not found in this scope
[INFO] [stdout] 
[INFO] [stdout] 
[INFO] [stdout] error[E0422]: cannot find struct, variant or union type `PreludeFunction` in this scope
[INFO] [stdout]   --> src/engine/shader.rs:34:31
[INFO] [stdout]    |
[INFO] [stdout] 34 |         count_vertex_buffers, PreludeFunction {
[INFO] [stdout]    |                               ^^^^^^^^^^^^^^^ not found in this scope
[INFO] [stdout] 
[INFO] [stdout] 
[INFO] [stdout] error[E0422]: cannot find struct, variant or union type `PreludeFunction` in this scope
[INFO] [stdout]   --> src/engine/shader.rs:40:30
[INFO] [stdout]    |
[INFO] [stdout] 40 |         count_index_buffers, PreludeFunction {
[INFO] [stdout]    |                              ^^^^^^^^^^^^^^^ not found in this scope
[INFO] [stdout] 
[INFO] [stdout] 
[INFO] [stdout] error[E0422]: cannot find struct, variant or union type `PreludeFunction` in this scope
[INFO] [stdout]   --> src/engine/shader.rs:46:37
[INFO] [stdout]    |
[INFO] [stdout] 46 |         create_vertex_buffer__size, PreludeFunction {
[INFO] [stdout]    |                                     ^^^^^^^^^^^^^^^ not found in this scope
[INFO] [stdout] 
[INFO] [stdout] 
[INFO] [stdout] error[E0422]: cannot find struct, variant or union type `PreludeFunction` in this scope
[INFO] [stdout]   --> src/engine/shader.rs:52:36
[INFO] [stdout]    |
[INFO] [stdout] 52 |         create_index_buffer__size, PreludeFunction {
[INFO] [stdout]    |                                    ^^^^^^^^^^^^^^^ not found in this scope
[INFO] [stdout] 
[INFO] [stdout] 
[INFO] [stdout] error[E0422]: cannot find struct, variant or union type `PreludeFunction` in this scope
[INFO] [stdout]   --> src/engine/shader.rs:58:46
[INFO] [stdout]    |
[INFO] [stdout] 58 |         fill_vertex_buffer__buffer_pos_norm, PreludeFunction {
[INFO] [stdout]    |                                              ^^^^^^^^^^^^^^^ not found in this scope
[INFO] [stdout] 
[INFO] [stdout] 
[INFO] [stdout] error[E0422]: cannot find struct, variant or union type `PreludeFunction` in this scope
[INFO] [stdout]   --> src/engine/shader.rs:65:41
[INFO] [stdout]    |
[INFO] [stdout] 65 |         fill_index_buffer__buffer_data, PreludeFunction {
[INFO] [stdout]    |                                         ^^^^^^^^^^^^^^^ not found in this scope
[INFO] [stdout] 
[INFO] [stdout] 
[INFO] [stdout] error[E0422]: cannot find struct, variant or union type `PreludeFunction` in this scope
[INFO] [stdout]   --> src/engine/shader.rs:71:22
[INFO] [stdout]    |
[INFO] [stdout] 71 |         clear_depth, PreludeFunction {
[INFO] [stdout]    |                      ^^^^^^^^^^^^^^^ not found in this scope
[INFO] [stdout] 
[INFO] [stdout] 
[INFO] [stdout] error[E0422]: cannot find struct, variant or union type `PreludeFunction` in this scope
[INFO] [stdout]   --> src/engine/shader.rs:77:63
[INFO] [stdout]    |
[INFO] [stdout] 77 |         draw__program_vbuf_ibuf_pos_angle_scale_color_anglex, PreludeFunction {
[INFO] [stdout]    |                                                               ^^^^^^^^^^^^^^^ not found in this scope
[INFO] [stdout] 
[INFO] [stdout] 
[INFO] [stdout] error[E0422]: cannot find struct, variant or union type `PreludeFunction` in this scope
[INFO] [stdout]   --> src/engine/sound.rs:12:61
[INFO] [stdout]    |
[INFO] [stdout] 12 |     module.add(Arc::new("load__music".into()), load__music, PreludeFunction {
[INFO] [stdout]    |                                                             ^^^^^^^^^^^^^^^ not found in this scope
[INFO] [stdout] 
[INFO] [stdout] 
[INFO] [stdout] error[E0422]: cannot find struct, variant or union type `PreludeFunction` in this scope
[INFO] [stdout]   --> src/engine/sound.rs:17:61
[INFO] [stdout]    |
[INFO] [stdout] 17 |     module.add(Arc::new("load__sound".into()), load__sound, PreludeFunction {
[INFO] [stdout]    |                                                             ^^^^^^^^^^^^^^^ not found in this scope
[INFO] [stdout] 
[INFO] [stdout] 
[INFO] [stdout] error[E0422]: cannot find struct, variant or union type `PreludeFunction` in this scope
[INFO] [stdout]   --> src/engine/sound.rs:22:49
[INFO] [stdout]    |
[INFO] [stdout] 22 |     module.add(Arc::new("music".into()), music, PreludeFunction {
[INFO] [stdout]    |                                                 ^^^^^^^^^^^^^^^ not found in this scope
[INFO] [stdout] 
[INFO] [stdout] 
[INFO] [stdout] error[E0422]: cannot find struct, variant or union type `PreludeFunction` in this scope
[INFO] [stdout]   --> src/engine/sound.rs:27:49
[INFO] [stdout]    |
[INFO] [stdout] 27 |     module.add(Arc::new("sound".into()), sound, PreludeFunction {
[INFO] [stdout]    |                                                 ^^^^^^^^^^^^^^^ not found in this scope
[INFO] [stdout] 
[INFO] [stdout] 
[INFO] [stdout] error[E0422]: cannot find struct, variant or union type `PreludeFunction` in this scope
[INFO] [stdout]   --> src/engine/sound.rs:32:77
[INFO] [stdout]    |
[INFO] [stdout] 32 |     module.add(Arc::new("play_forever__music".into()), play_forever__music, PreludeFunction {
[INFO] [stdout]    |                                                                             ^^^^^^^^^^^^^^^ not found in this scope
[INFO] [stdout] 
[INFO] [stdout] 
[INFO] [stdout] error[E0422]: cannot find struct, variant or union type `PreludeFunction` in this scope
[INFO] [stdout]   --> src/engine/sound.rs:37:71
[INFO] [stdout]    |
[INFO] [stdout] 37 |     module.add(Arc::new("play_once__music".into()), play_once__music, PreludeFunction {
[INFO] [stdout]    |                                                                       ^^^^^^^^^^^^^^^ not found in this scope
[INFO] [stdout] 
[INFO] [stdout] 
[INFO] [stdout] error[E0422]: cannot find struct, variant or union type `PreludeFunction` in this scope
[INFO] [stdout]   --> src/engine/sound.rs:42:71
[INFO] [stdout]    |
[INFO] [stdout] 42 |     module.add(Arc::new("play_once__sound".into()), play_once__sound, PreludeFunction {
[INFO] [stdout]    |                                                                       ^^^^^^^^^^^^^^^ not found in this scope
[INFO] [stdout] 
[INFO] [stdout] 
[INFO] [stdout] error[E0422]: cannot find struct, variant or union type `PreludeFunction` in this scope
[INFO] [stdout]   --> src/engine/sound.rs:47:73
[INFO] [stdout]    |
[INFO] [stdout] 47 |     module.add(Arc::new("set__sound_volume".into()), set__sound_volume, PreludeFunction {
[INFO] [stdout]    |                                                                         ^^^^^^^^^^^^^^^ not found in this scope
[INFO] [stdout] 
[INFO] [stdout] 
[INFO] [stdout] warning: use of deprecated macro `try`: use the `?` operator instead
[INFO] [stdout]    --> src/engine/obj.rs:142:17
[INFO] [stdout]     |
[INFO] [stdout] 142 |     let mut f = try!(File::open(&**file).map_err(|err| String::from(err.description())));
[INFO] [stdout]     |                 ^^^
[INFO] [stdout]     |
[INFO] [stdout]     = note: `#[warn(deprecated)]` on by default
[INFO] [stdout] 
[INFO] [stdout] 
[INFO] [stdout] warning: use of deprecated macro `try`: use the `?` operator instead
[INFO] [stdout]    --> src/engine/obj.rs:144:5
[INFO] [stdout]     |
[INFO] [stdout] 144 |     try!(f.read_to_string(&mut s).map_err(|err| String::from(err.description())));
[INFO] [stdout]     |     ^^^
[INFO] [stdout] 
[INFO] [stdout] 
[INFO] [stdout] warning: use of deprecated macro `try`: use the `?` operator instead
[INFO] [stdout]    --> src/engine/obj.rs:146:18
[INFO] [stdout]     |
[INFO] [stdout] 146 |     let mtlset = try!(parse(s).map_err(|err|
[INFO] [stdout]     |                  ^^^
[INFO] [stdout] 
[INFO] [stdout] 
[INFO] [stdout] warning: use of deprecated macro `try`: use the `?` operator instead
[INFO] [stdout]    --> src/engine/obj.rs:160:17
[INFO] [stdout]     |
[INFO] [stdout] 160 |     let mut f = try!(File::open(&**file).map_err(|err| String::from(err.description())));
[INFO] [stdout]     |                 ^^^
[INFO] [stdout] 
[INFO] [stdout] 
[INFO] [stdout] warning: use of deprecated macro `try`: use the `?` operator instead
[INFO] [stdout]    --> src/engine/obj.rs:162:5
[INFO] [stdout]     |
[INFO] [stdout] 162 |     try!(f.read_to_string(&mut s).map_err(|err| String::from(err.description())));
[INFO] [stdout]     |     ^^^
[INFO] [stdout] 
[INFO] [stdout] 
[INFO] [stdout] warning: use of deprecated macro `try`: use the `?` operator instead
[INFO] [stdout]    --> src/engine/obj.rs:164:19
[INFO] [stdout]     |
[INFO] [stdout] 164 |     let obj_set = try!(parse(s).map_err(|err|
[INFO] [stdout]     |                   ^^^
[INFO] [stdout] 
[INFO] [stdout] 
[INFO] [stdout] warning: use of deprecated macro `try`: use the `?` operator instead
[INFO] [stdout]    --> src/engine/obj.rs:302:45
[INFO] [stdout]     |
[INFO] [stdout] 302 |                     Shape(obj::Shape::Point(try!(rt.var(&arr[0]))))
[INFO] [stdout]     |                                             ^^^
[INFO] [stdout] 
[INFO] [stdout] 
[INFO] [stdout] warning: use of deprecated macro `try`: use the `?` operator instead
[INFO] [stdout]    --> src/engine/obj.rs:305:44
[INFO] [stdout]     |
[INFO] [stdout] 305 |                     Shape(obj::Shape::Line(try!(rt.var(&arr[0])),
[INFO] [stdout]     |                                            ^^^
[INFO] [stdout] 
[INFO] [stdout] 
[INFO] [stdout] warning: use of deprecated macro `try`: use the `?` operator instead
[INFO] [stdout]    --> src/engine/obj.rs:306:44
[INFO] [stdout]     |
[INFO] [stdout] 306 | ...                   try!(rt.var(&arr[1]))))
[INFO] [stdout]     |                       ^^^
[INFO] [stdout] 
[INFO] [stdout] 
[INFO] [stdout] warning: use of deprecated macro `try`: use the `?` operator instead
[INFO] [stdout]    --> src/engine/obj.rs:309:48
[INFO] [stdout]     |
[INFO] [stdout] 309 |                     Shape(obj::Shape::Triangle(try!(rt.var(&arr[0])),
[INFO] [stdout]     |                                                ^^^
[INFO] [stdout] 
[INFO] [stdout] 
[INFO] [stdout] warning: use of deprecated macro `try`: use the `?` operator instead
[INFO] [stdout]    --> src/engine/obj.rs:310:48
[INFO] [stdout]     |
[INFO] [stdout] 310 | ...                   try!(rt.var(&arr[1])),
[INFO] [stdout]     |                       ^^^
[INFO] [stdout] 
[INFO] [stdout] 
[INFO] [stdout] warning: use of deprecated macro `try`: use the `?` operator instead
[INFO] [stdout]    --> src/engine/obj.rs:311:48
[INFO] [stdout]     |
[INFO] [stdout] 311 | ...                   try!(rt.var(&arr[2]))))
[INFO] [stdout]     |                       ^^^
[INFO] [stdout] 
[INFO] [stdout] 
[INFO] [stdout] warning: use of deprecated macro `try`: use the `?` operator instead
[INFO] [stdout]   --> src/engine/shader.rs:96:19
[INFO] [stdout]    |
[INFO] [stdout] 96 |     let program = try!(glium::Program::from_source(
[INFO] [stdout]    |                   ^^^
[INFO] [stdout] 
[INFO] [stdout] 
[INFO] [stdout] warning: use of deprecated macro `try`: use the `?` operator instead
[INFO] [stdout]    --> src/engine/shader.rs:132:25
[INFO] [stdout]     |
[INFO] [stdout] 132 |     vertex_buffers.push(try!(glium::VertexBuffer::empty(&window.context, size).map_err(|err|
[INFO] [stdout]     |                         ^^^
[INFO] [stdout] 
[INFO] [stdout] 
[INFO] [stdout] warning: use of deprecated macro `try`: use the `?` operator instead
[INFO] [stdout]    --> src/engine/shader.rs:144:24
[INFO] [stdout]     |
[INFO] [stdout] 144 |     index_buffers.push(try!(glium::IndexBuffer::empty(
[INFO] [stdout]     |                        ^^^
[INFO] [stdout] 
[INFO] [stdout] 
[INFO] [stdout] warning: use of deprecated macro `try`: use the `?` operator instead
[INFO] [stdout]   --> src/engine/sound.rs:61:9
[INFO] [stdout]    |
[INFO] [stdout] 61 |         try!(mix::Music::from_file(&path))
[INFO] [stdout]    |         ^^^
[INFO] [stdout] 
[INFO] [stdout] 
[INFO] [stdout] warning: use of deprecated macro `try`: use the `?` operator instead
[INFO] [stdout]   --> src/engine/sound.rs:75:9
[INFO] [stdout]    |
[INFO] [stdout] 75 |         try!(mix::Chunk::from_file(&path))
[INFO] [stdout]    |         ^^^
[INFO] [stdout] 
[INFO] [stdout] 
[INFO] [stdout] warning: unused `#[macro_use]` import
[INFO] [stdout]  --> src/main.rs:5:1
[INFO] [stdout]   |
[INFO] [stdout] 5 | #[macro_use]
[INFO] [stdout]   | ^^^^^^^^^^^^
[INFO] [stdout]   |
[INFO] [stdout]   = note: `#[warn(unused_imports)]` on by default
[INFO] [stdout] 
[INFO] [stdout] 
[INFO] [stdout] warning: the item `Module` is imported redundantly
[INFO] [stdout]    --> src/main.rs:120:20
[INFO] [stdout]     |
[INFO] [stdout] 20  | use dyon::{error, load, Module, Runtime};
[INFO] [stdout]     |                         ------ the item `Module` is already imported here
[INFO] [stdout] ...
[INFO] [stdout] 120 |     use dyon::{Lt, Module, PreludeFunction, Type};
[INFO] [stdout]     |                    ^^^^^^
[INFO] [stdout] 
[INFO] [stdout] 
[INFO] [stdout] error[E0308]: mismatched types
[INFO] [stdout]   --> src/main.rs:71:30
[INFO] [stdout]    |
[INFO] [stdout] 71 |         if error(runtime.run(&module)) {
[INFO] [stdout]    |                              ^^^^^^^ expected struct `Arc`, found struct `dyon::Module`
[INFO] [stdout]    |
[INFO] [stdout]    = note: expected reference `&Arc<dyon::Module>`
[INFO] [stdout]               found reference `&dyon::Module`
[INFO] [stdout] 
[INFO] [stdout] 
[INFO] [stdout] error[E0107]: wrong number of type arguments: expected 3, found 1
[INFO] [stdout]    --> src/main.rs:123:5
[INFO] [stdout]     |
[INFO] [stdout] 123 |     add_functions::<Window>(&mut module);
[INFO] [stdout]     |     ^^^^^^^^^^^^^^^^^^^^^^^ expected 3 type arguments
[INFO] [stdout] 
[INFO] [stdout] 
[INFO] [stdout] error[E0061]: this function takes 5 arguments but 3 arguments were supplied
[INFO] [stdout]    --> src/main.rs:162:21
[INFO] [stdout]     |
[INFO] [stdout] 162 |                     draw_2d(rt, c, g)
[INFO] [stdout]     |                     ^^^^^^^ --  -  - supplied 3 arguments
[INFO] [stdout]     |                     |
[INFO] [stdout]     |                     expected 5 arguments
[INFO] [stdout] 
[INFO] [stdout] 
[INFO] [stdout] error[E0599]: no variant or associated item named `Text` found for enum `dyon::Type` in the current scope
[INFO] [stdout]   --> src/engine/obj.rs:15:29
[INFO] [stdout]    |
[INFO] [stdout] 15 |             tys: vec![Type::Text],
[INFO] [stdout]    |                             ^^^^ variant or associated item not found in `dyon::Type`
[INFO] [stdout] 
[INFO] [stdout] 
[INFO] [stdout] error[E0599]: no variant or associated item named `Text` found for enum `dyon::Type` in the current scope
[INFO] [stdout]   --> src/engine/obj.rs:16:46
[INFO] [stdout]    |
[INFO] [stdout] 16 |             ret: Type::Result(Box::new(Type::Text))
[INFO] [stdout]    |                                              ^^^^ variant or associated item not found in `dyon::Type`
[INFO] [stdout] 
[INFO] [stdout] 
[INFO] [stdout] error[E0599]: no variant or associated item named `Text` found for enum `dyon::Type` in the current scope
[INFO] [stdout]   --> src/engine/obj.rs:21:29
[INFO] [stdout]    |
[INFO] [stdout] 21 |             tys: vec![Type::Text],
[INFO] [stdout]    |                             ^^^^ variant or associated item not found in `dyon::Type`
[INFO] [stdout] 
[INFO] [stdout] 
[INFO] [stdout] error[E0599]: no variant or associated item named `Text` found for enum `dyon::Type` in the current scope
[INFO] [stdout]   --> src/engine/obj.rs:28:45
[INFO] [stdout]    |
[INFO] [stdout] 28 |             ret: Type::Array(Box::new(Type::Text))
[INFO] [stdout]    |                                             ^^^^ variant or associated item not found in `dyon::Type`
[INFO] [stdout] 
[INFO] [stdout] 
[INFO] [stdout] error[E0599]: no variant or associated item named `Text` found for enum `dyon::Type` in the current scope
[INFO] [stdout]   --> src/engine/obj.rs:33:29
[INFO] [stdout]    |
[INFO] [stdout] 33 |             tys: vec![Type::Text],
[INFO] [stdout]    |                             ^^^^ variant or associated item not found in `dyon::Type`
[INFO] [stdout] 
[INFO] [stdout] 
[INFO] [stdout] error[E0599]: no variant or associated item named `Text` found for enum `dyon::Type` in the current scope
[INFO] [stdout]   --> src/engine/obj.rs:34:46
[INFO] [stdout]    |
[INFO] [stdout] 34 |             ret: Type::Result(Box::new(Type::Text))
[INFO] [stdout]    |                                              ^^^^ variant or associated item not found in `dyon::Type`
[INFO] [stdout] 
[INFO] [stdout] 
[INFO] [stdout] error[E0599]: no variant or associated item named `Text` found for enum `dyon::Type` in the current scope
[INFO] [stdout]   --> src/engine/obj.rs:39:29
[INFO] [stdout]    |
[INFO] [stdout] 39 |             tys: vec![Type::Text],
[INFO] [stdout]    |                             ^^^^ variant or associated item not found in `dyon::Type`
[INFO] [stdout] 
[INFO] [stdout] 
[INFO] [stdout] error[E0599]: no variant or associated item named `Text` found for enum `dyon::Type` in the current scope
[INFO] [stdout]   --> src/engine/obj.rs:46:45
[INFO] [stdout]    |
[INFO] [stdout] 46 |             ret: Type::Array(Box::new(Type::Text))
[INFO] [stdout]    |                                             ^^^^ variant or associated item not found in `dyon::Type`
[INFO] [stdout] 
[INFO] [stdout] 
[INFO] [stdout] error[E0599]: no variant or associated item named `Text` found for enum `dyon::Type` in the current scope
[INFO] [stdout]   --> src/engine/obj.rs:52:46
[INFO] [stdout]    |
[INFO] [stdout] 52 |             ret: Type::Option(Box::new(Type::Text))
[INFO] [stdout]    |                                              ^^^^ variant or associated item not found in `dyon::Type`
[INFO] [stdout] 
[INFO] [stdout] 
[INFO] [stdout] error[E0599]: no variant or associated item named `Text` found for enum `dyon::Type` in the current scope
[INFO] [stdout]   --> src/engine/obj.rs:64:45
[INFO] [stdout]    |
[INFO] [stdout] 64 |             ret: Type::Array(Box::new(Type::Text))
[INFO] [stdout]    |                                             ^^^^ variant or associated item not found in `dyon::Type`
[INFO] [stdout] 
[INFO] [stdout] 
[INFO] [stdout] warning: use of deprecated associated function `std::error::Error::description`: use the Display impl or to_string()
[INFO] [stdout]    --> src/engine/obj.rs:142:73
[INFO] [stdout]     |
[INFO] [stdout] 142 |     let mut f = try!(File::open(&**file).map_err(|err| String::from(err.description())));
[INFO] [stdout]     |                                                                         ^^^^^^^^^^^
[INFO] [stdout] 
[INFO] [stdout] 
[INFO] [stdout] warning: use of deprecated associated function `std::error::Error::description`: use the Display impl or to_string()
[INFO] [stdout]    --> src/engine/obj.rs:144:66
[INFO] [stdout]     |
[INFO] [stdout] 144 |     try!(f.read_to_string(&mut s).map_err(|err| String::from(err.description())));
[INFO] [stdout]     |                                                                  ^^^^^^^^^^^
[INFO] [stdout] 
[INFO] [stdout] 
[INFO] [stdout] warning: use of deprecated associated function `std::error::Error::description`: use the Display impl or to_string()
[INFO] [stdout]    --> src/engine/obj.rs:160:73
[INFO] [stdout]     |
[INFO] [stdout] 160 |     let mut f = try!(File::open(&**file).map_err(|err| String::from(err.description())));
[INFO] [stdout]     |                                                                         ^^^^^^^^^^^
[INFO] [stdout] 
[INFO] [stdout] 
[INFO] [stdout] warning: use of deprecated associated function `std::error::Error::description`: use the Display impl or to_string()
[INFO] [stdout]    --> src/engine/obj.rs:162:66
[INFO] [stdout]     |
[INFO] [stdout] 162 |     try!(f.read_to_string(&mut s).map_err(|err| String::from(err.description())));
[INFO] [stdout]     |                                                                  ^^^^^^^^^^^
[INFO] [stdout] 
[INFO] [stdout] 
[INFO] [stdout] error[E0599]: no variant or associated item named `Text` found for enum `dyon::Type` in the current scope
[INFO] [stdout]   --> src/engine/shader.rs:24:29
[INFO] [stdout]    |
[INFO] [stdout] 24 |             tys: vec![Type::Text; 3],
[INFO] [stdout]    |                             ^^^^ variant or associated item not found in `dyon::Type`
[INFO] [stdout] 
[INFO] [stdout] 
[INFO] [stdout] error[E0599]: no variant or associated item named `Text` found for enum `dyon::Type` in the current scope
[INFO] [stdout]   --> src/engine/shader.rs:25:46
[INFO] [stdout]    |
[INFO] [stdout] 25 |             ret: Type::Result(Box::new(Type::Text))
[INFO] [stdout]    |                                              ^^^^ variant or associated item not found in `dyon::Type`
[INFO] [stdout] 
[INFO] [stdout] 
[INFO] [stdout] error[E0599]: no variant or associated item named `Text` found for enum `dyon::Type` in the current scope
[INFO] [stdout]   --> src/engine/shader.rs:30:29
[INFO] [stdout]    |
[INFO] [stdout] 30 |             tys: vec![Type::Text],
[INFO] [stdout]    |                             ^^^^ variant or associated item not found in `dyon::Type`
[INFO] [stdout] 
[INFO] [stdout] 
[INFO] [stdout] warning: use of deprecated associated function `std::error::Error::description`: use the Display impl or to_string()
[INFO] [stdout]    --> src/engine/shader.rs:100:39
[INFO] [stdout]     |
[INFO] [stdout] 100 |                 _ => String::from(err.description())
[INFO] [stdout]     |                                       ^^^^^^^^^^^
[INFO] [stdout] 
[INFO] [stdout] 
[INFO] [stdout] warning: use of deprecated associated function `std::error::Error::description`: use the Display impl or to_string()
[INFO] [stdout]    --> src/engine/shader.rs:133:26
[INFO] [stdout]     |
[INFO] [stdout] 133 |         String::from(err.description())
[INFO] [stdout]     |                          ^^^^^^^^^^^
[INFO] [stdout] 
[INFO] [stdout] 
[INFO] [stdout] warning: use of deprecated associated function `std::error::Error::description`: use the Display impl or to_string()
[INFO] [stdout]    --> src/engine/shader.rs:146:30
[INFO] [stdout]     |
[INFO] [stdout] 146 |             String::from(err.description())
[INFO] [stdout]     |                              ^^^^^^^^^^^
[INFO] [stdout] 
[INFO] [stdout] 
[INFO] [stdout] error[E0599]: no variant or associated item named `Text` found for enum `dyon::Type` in the current scope
[INFO] [stdout]   --> src/engine/sound.rs:14:25
[INFO] [stdout]    |
[INFO] [stdout] 14 |         tys: vec![Type::Text],
[INFO] [stdout]    |                         ^^^^ variant or associated item not found in `dyon::Type`
[INFO] [stdout] 
[INFO] [stdout] 
[INFO] [stdout] error[E0599]: no variant or associated item named `Text` found for enum `dyon::Type` in the current scope
[INFO] [stdout]   --> src/engine/sound.rs:15:42
[INFO] [stdout]    |
[INFO] [stdout] 15 |         ret: Type::Result(Box::new(Type::Text))
[INFO] [stdout]    |                                          ^^^^ variant or associated item not found in `dyon::Type`
[INFO] [stdout] 
[INFO] [stdout] 
[INFO] [stdout] error[E0599]: no variant or associated item named `Text` found for enum `dyon::Type` in the current scope
[INFO] [stdout]   --> src/engine/sound.rs:19:25
[INFO] [stdout]    |
[INFO] [stdout] 19 |         tys: vec![Type::Text],
[INFO] [stdout]    |                         ^^^^ variant or associated item not found in `dyon::Type`
[INFO] [stdout] 
[INFO] [stdout] 
[INFO] [stdout] error[E0599]: no variant or associated item named `Text` found for enum `dyon::Type` in the current scope
[INFO] [stdout]   --> src/engine/sound.rs:20:42
[INFO] [stdout]    |
[INFO] [stdout] 20 |         ret: Type::Result(Box::new(Type::Text))
[INFO] [stdout]    |                                          ^^^^ variant or associated item not found in `dyon::Type`
[INFO] [stdout] 
[INFO] [stdout] 
[INFO] [stdout] error[E0599]: no variant or associated item named `Text` found for enum `dyon::Type` in the current scope
[INFO] [stdout]   --> src/engine/sound.rs:24:25
[INFO] [stdout]    |
[INFO] [stdout] 24 |         tys: vec![Type::Text],
[INFO] [stdout]    |                         ^^^^ variant or associated item not found in `dyon::Type`
[INFO] [stdout] 
[INFO] [stdout] 
[INFO] [stdout] error[E0599]: no variant or associated item named `Text` found for enum `dyon::Type` in the current scope
[INFO] [stdout]   --> src/engine/sound.rs:29:25
[INFO] [stdout]    |
[INFO] [stdout] 29 |         tys: vec![Type::Text],
[INFO] [stdout]    |                         ^^^^ variant or associated item not found in `dyon::Type`
[INFO] [stdout] 
[INFO] [stdout] 
[INFO] [stdout] error: aborting due to 61 previous errors; 26 warnings emitted
[INFO] [stdout] 
[INFO] [stdout] 
[INFO] [stdout] Some errors have detailed explanations: E0061, E0107, E0308, E0422, E0432, E0599.
[INFO] [stdout] 
[INFO] [stdout] For more information about an error, try `rustc --explain E0061`.
[INFO] [stdout] 
[INFO] [stderr] error: could not compile `dyon_asteroids`.
[INFO] [stderr] 
[INFO] [stderr] To learn more, run the command again with --verbose.
[INFO] [stderr] warning: build failed, waiting for other jobs to finish...
[INFO] [stdout] error[E0308]: mismatched types
[INFO] [stdout]   --> src/main.rs:71:30
[INFO] [stdout]    |
[INFO] [stdout] 71 |         if error(runtime.run(&module)) {
[INFO] [stdout]    |                              ^^^^^^^ expected struct `Arc`, found struct `dyon::Module`
[INFO] [stdout]    |
[INFO] [stdout]    = note: expected reference `&Arc<dyon::Module>`
[INFO] [stdout]               found reference `&dyon::Module`
[INFO] [stdout] 
[INFO] [stdout] 
[INFO] [stdout] error[E0107]: wrong number of type arguments: expected 3, found 1
[INFO] [stdout]    --> src/main.rs:123:5
[INFO] [stdout]     |
[INFO] [stdout] 123 |     add_functions::<Window>(&mut module);
[INFO] [stdout]     |     ^^^^^^^^^^^^^^^^^^^^^^^ expected 3 type arguments
[INFO] [stdout] 
[INFO] [stdout] 
[INFO] [stdout] error[E0061]: this function takes 5 arguments but 3 arguments were supplied
[INFO] [stdout]    --> src/main.rs:162:21
[INFO] [stdout]     |
[INFO] [stdout] 162 |                     draw_2d(rt, c, g)
[INFO] [stdout]     |                     ^^^^^^^ --  -  - supplied 3 arguments
[INFO] [stdout]     |                     |
[INFO] [stdout]     |                     expected 5 arguments
[INFO] [stdout] 
[INFO] [stdout] 
[INFO] [stdout] error[E0599]: no variant or associated item named `Text` found for enum `dyon::Type` in the current scope
[INFO] [stdout]   --> src/engine/obj.rs:15:29
[INFO] [stdout]    |
[INFO] [stdout] 15 |             tys: vec![Type::Text],
[INFO] [stdout]    |                             ^^^^ variant or associated item not found in `dyon::Type`
[INFO] [stdout] 
[INFO] [stdout] 
[INFO] [stdout] error[E0599]: no variant or associated item named `Text` found for enum `dyon::Type` in the current scope
[INFO] [stdout]   --> src/engine/obj.rs:16:46
[INFO] [stdout]    |
[INFO] [stdout] 16 |             ret: Type::Result(Box::new(Type::Text))
[INFO] [stdout]    |                                              ^^^^ variant or associated item not found in `dyon::Type`
[INFO] [stdout] 
[INFO] [stdout] 
[INFO] [stdout] error[E0599]: no variant or associated item named `Text` found for enum `dyon::Type` in the current scope
[INFO] [stdout]   --> src/engine/obj.rs:21:29
[INFO] [stdout]    |
[INFO] [stdout] 21 |             tys: vec![Type::Text],
[INFO] [stdout]    |                             ^^^^ variant or associated item not found in `dyon::Type`
[INFO] [stdout] 
[INFO] [stdout] 
[INFO] [stdout] error[E0599]: no variant or associated item named `Text` found for enum `dyon::Type` in the current scope
[INFO] [stdout]   --> src/engine/obj.rs:28:45
[INFO] [stdout]    |
[INFO] [stdout] 28 |             ret: Type::Array(Box::new(Type::Text))
[INFO] [stdout]    |                                             ^^^^ variant or associated item not found in `dyon::Type`
[INFO] [stdout] 
[INFO] [stdout] 
[INFO] [stdout] error[E0599]: no variant or associated item named `Text` found for enum `dyon::Type` in the current scope
[INFO] [stdout]   --> src/engine/obj.rs:33:29
[INFO] [stdout]    |
[INFO] [stdout] 33 |             tys: vec![Type::Text],
[INFO] [stdout]    |                             ^^^^ variant or associated item not found in `dyon::Type`
[INFO] [stdout] 
[INFO] [stdout] 
[INFO] [stdout] error[E0599]: no variant or associated item named `Text` found for enum `dyon::Type` in the current scope
[INFO] [stdout]   --> src/engine/obj.rs:34:46
[INFO] [stdout]    |
[INFO] [stdout] 34 |             ret: Type::Result(Box::new(Type::Text))
[INFO] [stdout]    |                                              ^^^^ variant or associated item not found in `dyon::Type`
[INFO] [stdout] 
[INFO] [stdout] 
[INFO] [stdout] error[E0599]: no variant or associated item named `Text` found for enum `dyon::Type` in the current scope
[INFO] [stdout]   --> src/engine/obj.rs:39:29
[INFO] [stdout]    |
[INFO] [stdout] 39 |             tys: vec![Type::Text],
[INFO] [stdout]    |                             ^^^^ variant or associated item not found in `dyon::Type`
[INFO] [stdout] 
[INFO] [stdout] 
[INFO] [stdout] error[E0599]: no variant or associated item named `Text` found for enum `dyon::Type` in the current scope
[INFO] [stdout]   --> src/engine/obj.rs:46:45
[INFO] [stdout]    |
[INFO] [stdout] 46 |             ret: Type::Array(Box::new(Type::Text))
[INFO] [stdout]    |                                             ^^^^ variant or associated item not found in `dyon::Type`
[INFO] [stdout] 
[INFO] [stdout] 
[INFO] [stdout] error[E0599]: no variant or associated item named `Text` found for enum `dyon::Type` in the current scope
[INFO] [stdout]   --> src/engine/obj.rs:52:46
[INFO] [stdout]    |
[INFO] [stdout] 52 |             ret: Type::Option(Box::new(Type::Text))
[INFO] [stdout]    |                                              ^^^^ variant or associated item not found in `dyon::Type`
[INFO] [stdout] 
[INFO] [stdout] 
[INFO] [stdout] error[E0599]: no variant or associated item named `Text` found for enum `dyon::Type` in the current scope
[INFO] [stdout]   --> src/engine/obj.rs:64:45
[INFO] [stdout]    |
[INFO] [stdout] 64 |             ret: Type::Array(Box::new(Type::Text))
[INFO] [stdout]    |                                             ^^^^ variant or associated item not found in `dyon::Type`
[INFO] [stdout] 
[INFO] [stdout] 
[INFO] [stdout] warning: use of deprecated associated function `std::error::Error::description`: use the Display impl or to_string()
[INFO] [stdout]    --> src/engine/obj.rs:142:73
[INFO] [stdout]     |
[INFO] [stdout] 142 |     let mut f = try!(File::open(&**file).map_err(|err| String::from(err.description())));
[INFO] [stdout]     |                                                                         ^^^^^^^^^^^
[INFO] [stdout] 
[INFO] [stdout] 
[INFO] [stdout] warning: use of deprecated associated function `std::error::Error::description`: use the Display impl or to_string()
[INFO] [stdout]    --> src/engine/obj.rs:144:66
[INFO] [stdout]     |
[INFO] [stdout] 144 |     try!(f.read_to_string(&mut s).map_err(|err| String::from(err.description())));
[INFO] [stdout]     |                                                                  ^^^^^^^^^^^
[INFO] [stdout] 
[INFO] [stdout] 
[INFO] [stdout] warning: use of deprecated associated function `std::error::Error::description`: use the Display impl or to_string()
[INFO] [stdout]    --> src/engine/obj.rs:160:73
[INFO] [stdout]     |
[INFO] [stdout] 160 |     let mut f = try!(File::open(&**file).map_err(|err| String::from(err.description())));
[INFO] [stdout]     |                                                                         ^^^^^^^^^^^
[INFO] [stdout] 
[INFO] [stdout] 
[INFO] [stdout] warning: use of deprecated associated function `std::error::Error::description`: use the Display impl or to_string()
[INFO] [stdout]    --> src/engine/obj.rs:162:66
[INFO] [stdout]     |
[INFO] [stdout] 162 |     try!(f.read_to_string(&mut s).map_err(|err| String::from(err.description())));
[INFO] [stdout]     |                                                                  ^^^^^^^^^^^
[INFO] [stdout] 
[INFO] [stdout] 
[INFO] [stdout] error[E0599]: no variant or associated item named `Text` found for enum `dyon::Type` in the current scope
[INFO] [stdout]   --> src/engine/shader.rs:24:29
[INFO] [stdout]    |
[INFO] [stdout] 24 |             tys: vec![Type::Text; 3],
[INFO] [stdout]    |                             ^^^^ variant or associated item not found in `dyon::Type`
[INFO] [stdout] 
[INFO] [stdout] 
[INFO] [stdout] error[E0599]: no variant or associated item named `Text` found for enum `dyon::Type` in the current scope
[INFO] [stdout]   --> src/engine/shader.rs:25:46
[INFO] [stdout]    |
[INFO] [stdout] 25 |             ret: Type::Result(Box::new(Type::Text))
[INFO] [stdout]    |                                              ^^^^ variant or associated item not found in `dyon::Type`
[INFO] [stdout] 
[INFO] [stdout] 
[INFO] [stdout] error[E0599]: no variant or associated item named `Text` found for enum `dyon::Type` in the current scope
[INFO] [stdout]   --> src/engine/shader.rs:30:29
[INFO] [stdout]    |
[INFO] [stdout] 30 |             tys: vec![Type::Text],
[INFO] [stdout]    |                             ^^^^ variant or associated item not found in `dyon::Type`
[INFO] [stdout] 
[INFO] [stdout] 
[INFO] [stdout] warning: use of deprecated associated function `std::error::Error::description`: use the Display impl or to_string()
[INFO] [stdout]    --> src/engine/shader.rs:100:39
[INFO] [stdout]     |
[INFO] [stdout] 100 |                 _ => String::from(err.description())
[INFO] [stdout]     |                                       ^^^^^^^^^^^
[INFO] [stdout] 
[INFO] [stdout] 
[INFO] [stdout] warning: use of deprecated associated function `std::error::Error::description`: use the Display impl or to_string()
[INFO] [stdout]    --> src/engine/shader.rs:133:26
[INFO] [stdout]     |
[INFO] [stdout] 133 |         String::from(err.description())
[INFO] [stdout]     |                          ^^^^^^^^^^^
[INFO] [stdout] 
[INFO] [stdout] 
[INFO] [stdout] warning: use of deprecated associated function `std::error::Error::description`: use the Display impl or to_string()
[INFO] [stdout]    --> src/engine/shader.rs:146:30
[INFO] [stdout]     |
[INFO] [stdout] 146 |             String::from(err.description())
[INFO] [stdout]     |                              ^^^^^^^^^^^
[INFO] [stdout] 
[INFO] [stdout] 
[INFO] [stdout] error[E0599]: no variant or associated item named `Text` found for enum `dyon::Type` in the current scope
[INFO] [stdout]   --> src/engine/sound.rs:14:25
[INFO] [stdout]    |
[INFO] [stdout] 14 |         tys: vec![Type::Text],
[INFO] [stdout]    |                         ^^^^ variant or associated item not found in `dyon::Type`
[INFO] [stdout] 
[INFO] [stdout] 
[INFO] [stdout] error[E0599]: no variant or associated item named `Text` found for enum `dyon::Type` in the current scope
[INFO] [stdout]   --> src/engine/sound.rs:15:42
[INFO] [stdout]    |
[INFO] [stdout] 15 |         ret: Type::Result(Box::new(Type::Text))
[INFO] [stdout]    |                                          ^^^^ variant or associated item not found in `dyon::Type`
[INFO] [stdout] 
[INFO] [stdout] 
[INFO] [stdout] error[E0599]: no variant or associated item named `Text` found for enum `dyon::Type` in the current scope
[INFO] [stdout]   --> src/engine/sound.rs:19:25
[INFO] [stdout]    |
[INFO] [stdout] 19 |         tys: vec![Type::Text],
[INFO] [stdout]    |                         ^^^^ variant or associated item not found in `dyon::Type`
[INFO] [stdout] 
[INFO] [stdout] 
[INFO] [stdout] error[E0599]: no variant or associated item named `Text` found for enum `dyon::Type` in the current scope
[INFO] [stdout]   --> src/engine/sound.rs:20:42
[INFO] [stdout]    |
[INFO] [stdout] 20 |         ret: Type::Result(Box::new(Type::Text))
[INFO] [stdout]    |                                          ^^^^ variant or associated item not found in `dyon::Type`
[INFO] [stdout] 
[INFO] [stdout] 
[INFO] [stdout] error[E0599]: no variant or associated item named `Text` found for enum `dyon::Type` in the current scope
[INFO] [stdout]   --> src/engine/sound.rs:24:25
[INFO] [stdout]    |
[INFO] [stdout] 24 |         tys: vec![Type::Text],
[INFO] [stdout]    |                         ^^^^ variant or associated item not found in `dyon::Type`
[INFO] [stdout] 
[INFO] [stdout] 
[INFO] [stdout] error[E0599]: no variant or associated item named `Text` found for enum `dyon::Type` in the current scope
[INFO] [stdout]   --> src/engine/sound.rs:29:25
[INFO] [stdout]    |
[INFO] [stdout] 29 |         tys: vec![Type::Text],
[INFO] [stdout]    |                         ^^^^ variant or associated item not found in `dyon::Type`
[INFO] [stdout] 
[INFO] [stdout] 
[INFO] [stdout] error: aborting due to 61 previous errors; 26 warnings emitted
[INFO] [stdout] 
[INFO] [stdout] 
[INFO] [stdout] Some errors have detailed explanations: E0061, E0107, E0308, E0422, E0432, E0599.
[INFO] [stdout] 
[INFO] [stdout] For more information about an error, try `rustc --explain E0061`.
[INFO] [stdout] 
[INFO] [stderr] error: build failed
[INFO] running `Command { std: "docker" "inspect" "29b1e0a33a51ea5a17ff4c5efa366e157fc762adbe9eac2d856a2cd3f0112c7f", kill_on_drop: false }`
[INFO] running `Command { std: "docker" "rm" "-f" "29b1e0a33a51ea5a17ff4c5efa366e157fc762adbe9eac2d856a2cd3f0112c7f", kill_on_drop: false }`
[INFO] [stdout] 29b1e0a33a51ea5a17ff4c5efa366e157fc762adbe9eac2d856a2cd3f0112c7f
